t of d(f)?
6
Suppose 5 = -4*g - 3*n, 3*n - 5 + 19 = 5*g. What is the units digit of g?
1
Let o(k) = -3*k**2 - 18. Let u(n) = n**2 + 6. Let r(j) = -4*o(j) - 11*u(j). What is the tens digit of r(-6)?
4
What is the tens digit of 0/(-2) - (-216 - 3)?
1
Let j(m) = 4*m**2 - m. Let k be j(1). Suppose -3*a = -5*l - 26, -k*a - l + 21 = -17. What is the tens digit of a?
1
Suppose 0 = 3*i - 11 - 40. What is the units digit of 16/136 + 508/i?
0
Let p = 5 - 0. Suppose -p*b - 5 = 4*r, -b = 2*b + r - 4. What is the units digit of -2 + (12 - b)/3?
1
Suppose 4*z = 3*z. Let a(h) = 2*h - 3. Let k be a(3). Suppose -5*o = 3*g - 11, z*o + o = k*g - 5. What is the units digit of g?
2
Let k = -6 - -8. Suppose k*f = 36 + 8. What is the units digit of f?
2
Let p = 8 + -5. Suppose 0 = g + 3*x - 13, -3*g + 6 = -p*x + 3. What is the units digit of g?
4
Suppose -5*p = 4 - 19. Suppose 0 = 4*h - 4*d - 36, p*h = 3*d - 2*d + 19. What is the units digit of h?
5
Let v(o) = o**3 + 6*o**2 - 8*o + 1. Suppose 4*u = 3*u + 2*a - 10, -4*u = -3*a + 50. Let n = 7 + u. What is the units digit of v(n)?
8
Suppose -2*h + 24 = -4*n, 2 + 6 = -3*h - 5*n. Suppose i - h*q = 12, -2*i = -6*i - q + 48. Let g = i + -7. What is the units digit of g?
5
What is the tens digit of ((-1 + 3)*11)/((-16)/(-72))?
9
Let r = 3 - -1. Suppose -3*a = -5*c + 13, -a - r = -2*c + 2. What is the units digit of c?
5
Let s(d) = 27*d**3 - d + 2. What is the tens digit of s(2)?
1
Suppose 5*t = 2*x - 7, -x = t - 2*t + 4. Let y = 16 - x. What is the units digit of (12/10)/(10/y)?
3
Let k(o) = -20*o - 18. What is the tens digit of k(-4)?
6
Let u = -16 + 21. Suppose 0 = -5*f - 0 + u. What is the units digit of f?
1
Suppose -13*j = -9*j - 116. What is the units digit of j?
9
Let h(l) = 7*l**2 - 11*l + 19. What is the hundreds digit of h(5)?
1
Suppose 4*t - 42 = 2*t. Suppose 5*f + 5*r - 19 = t, 2*r - 10 = -f. Suppose -m + f = m. What is the units digit of m?
3
Suppose -22 = -4*s - 2*d, -3*s = -0*s - 2*d - 34. Suppose 5*m - m = s. What is the units digit of m?
2
Let r be (0/(-1))/((-4)/(-4)). Suppose 0 = -3*o + 9, 2*o = -2*w - r*o + 62. What is the units digit of w?
8
Let i = 36 + 3. What is the units digit of i?
9
Let o(w) = -1 + 11*w**2 + 2*w**2 + 3*w**2. Let d be o(1). Let v = d - 5. What is the tens digit of v?
1
Let b be (-2)/(-4)*-6 + 9. Let x = b + -8. What is the units digit of (-205)/(-25) + x/10?
8
Suppose 4*f + 5*k - k = 124, 5*f + 2*k = 143. Let b = f + -15. What is the tens digit of b?
1
Let v = -20 - -42. What is the units digit of 92/v - (-4)/(-22)?
4
Let w = 0 + 9. Suppose 5*r + 6 = -w. Let f(c) = -c**3 - 2*c**2 + 4. What is the tens digit of f(r)?
1
Let i = -99 + 109. What is the units digit of i?
0
Let p = 44 - -46. What is the tens digit of p?
9
What is the units digit of (-6)/((-1)/24*-9*-2)?
8
Let z = 9 + -5. Suppose r = z*r - 30. Let k = r - 7. What is the units digit of k?
3
What is the units digit of (-1640)/(-6) - 8/6?
2
Let j(p) = 2*p + 2. Let x be j(3). Let n = x - 5. Suppose 0*r + 2*h + 1 = -n*r, -4*r = h - 2. What is the units digit of r?
1
What is the tens digit of (-4 + 3)/2*-76?
3
Suppose 0*d - 3*d = -2*p - 58, -5*d + 96 = -4*p. Suppose -4 = 4*a - d. What is the units digit of a?
4
Suppose 5*a + 2*j - 25 = 2*a, -5*a + 40 = 5*j. Let l be 12*((-6)/a)/(-1). Let q(k) = -k**3 + 8*k**2 + 3*k - 10. What is the tens digit of q(l)?
1
Let n = -8 + 22. Let m be 24/14 + 4/n. Suppose 3*p = m*p + 3. What is the units digit of p?
3
Let n(r) = -r**2 + 8*r - 6. Let a be n(8). Let l = a + 40. What is the units digit of l?
4
Suppose 0*v - 4*v = -20. Let j(w) = w - 13. Let i be j(10). Let p = i + v. What is the units digit of p?
2
Suppose 4*f - 5*p = 23 + 1, 0 = -f - 4*p - 15. Suppose -f - 3 = -i. Suppose 0 = i*x - 2*x + 2, -3*d + 25 = -x. What is the units digit of d?
8
Let s(y) = y + 1. Let k be s(0). Suppose 2*q - 3*d = 7, 3*q + 2*d - k = 3. What is the units digit of q?
2
Let w = -5 + 2. Let g be -2 + (w - 30/(-3)). Suppose -g*z + 26 = -9. What is the units digit of z?
7
Let w = 70 + 50. What is the units digit of w?
0
Let q be 2/(2 + (-4)/3). Suppose -2*i + q*i - 18 = 0. What is the tens digit of i?
1
Suppose 5*d - 21 = 39. Suppose 0 = -0*b - b + d. What is the units digit of b?
2
Let i(z) be the third derivative of -z**5/120 + 13*z**4/24 + z**3/2 + 3*z**2. Let t(b) be the first derivative of i(b). What is the tens digit of t(0)?
1
Let a = -1 + 1. Let h be 16 + 1*(a + -2). Suppose 3*g = 25 + h. What is the tens digit of g?
1
What is the tens digit of (122/2 - 3)*3?
7
Let g(d) = -d**2 - 12*d - 6. Suppose -3*l + 6*l = -18. Let a be g(l). What is the units digit of -2 - (-3)/(9/a)?
8
Let x = 3 - -9. Let j = 31 - x. What is the units digit of j?
9
Let p be 1/(((-11)/(-6))/11). What is the units digit of (-2)/(4/(-3))*p?
9
Let o(n) = -n**3 + 9*n**2 - 10*n + 2. What is the units digit of o(4)?
2
Let m(g) = -g**3 - 2*g**2 + g - 1. Let s(l) = -l + 4. Let f be s(6). Let u be m(f). What is the tens digit of (-1 + u)*(-3 + -2)?
2
Let q be 1 + 1*(-3 + -8). Let h = -3 - q. What is the units digit of h?
7
Let b = -16 - -24. Let q = -2 - -7. Let s = b - q. What is the units digit of s?
3
Let t(f) = 2*f**2 - 7*f + 2. What is the units digit of t(6)?
2
Suppose 3*r = -2*s + 3 + 5, 0 = -s - 2*r + 2. Let p = -3 + s. What is the units digit of p?
7
Suppose -2*h - 3*h = 0. What is the units digit of (h + 2)*(-63)/(-14)?
9
Let y be (-2 - (-2 + -3))*1. Let p(f) = 2*f**2 - f + 3. What is the units digit of p(y)?
8
Suppose 53 + 27 = 4*w + 4*m, -w + m = -20. What is the tens digit of w?
2
Let f be -1 - (-1*2 + 4). Suppose -5*n + n + 26 = -3*j, -3*j = 5*n - 19. Let m = j - f. What is the units digit of m?
1
Let b = 2 + 4. What is the units digit of b?
6
Let v be (-108)/(-14) + 6/21. Let w(u) = u**2 - 7*u - 7. What is the units digit of w(v)?
1
Let q be -2*1 - 36/6. Let r = q - -13. What is the units digit of r?
5
Suppose -3*c - z + 407 = c, -3*z = c - 99. What is the hundreds digit of c?
1
Let v = 3 + -2. Let y be (1 + v)*4/4. Suppose y*c = 3*c - 13. What is the tens digit of c?
1
Suppose -5*c + 9 = 39. Let t = -4 - c. What is the units digit of t?
2
Suppose 0 = -0*f - 4*f + 132. What is the tens digit of f?
3
Let s(v) = -8*v - 3. Suppose -6*q - 12 = -2*q. What is the units digit of s(q)?
1
Suppose -3*r = 2*v - 28, 3*r + 3*v + 0 - 30 = 0. What is the units digit of r - (-3 - 0 - -2)?
9
Let i = -2 - -5. Suppose 6*c - i*c = 27. What is the units digit of c?
9
Let i(y) = -y**2 - 29*y - 44. What is the tens digit of i(-22)?
1
Let u(z) = -z**3 - 4*z**2 + 5*z + 3. Let w be u(-5). Let m = 3 + w. Let a = m + -4. What is the units digit of a?
2
Suppose 0 = 5*h - l + 6*l - 405, 5*h + 2*l - 390 = 0. What is the units digit of h?
6
Suppose -4*x + 3*r = -19, 5*x - 4*r = 27 - 3. Let h(v) = v**3 - 5*v**2 + 6*v - 6. Let b be h(x). Let z(u) = -u**2 + 5*u - 2. What is the units digit of z(b)?
4
Let b = -12 - -68. What is the tens digit of b?
5
Let u(o) = -o**3 - o**2 + 1. Let s be u(-1). Suppose 7 = t + n + s, 4*n = 5*t - 57. Suppose 3*q + 0*q = t. What is the units digit of q?
3
Suppose 5*y + 13 = 2*f - 11, -2*f - 4 = 2*y. Suppose f*v = -1 + 5. Suppose -3*l = -5*k - 18, 0 = -3*l + v*l + 3*k + 10. What is the units digit of l?
1
Let y(g) = -g + 22. Let z be y(16). Suppose -2*o = h - 31, -h + z = -4*o + o. What is the units digit of h?
1
Let g = -15 + 13. Let a be 2/(-2) - (2 + -5). What is the tens digit of g + a/2 - -14?
1
Let r(y) = -2*y**3 - 2*y**2 + 2*y - 2. Suppose -4*v - 2*l + 6*l = 8, -1 = l. What is the tens digit of r(v)?
2
Suppose 1010 = 6*g - g. What is the units digit of g?
2
What is the units digit of (12/(-14))/(54/14 - 4)?
6
Suppose 13*k = 20*k - 868. What is the tens digit of k?
2
Let g be -2 - (2 + (-9 - 1)). Suppose 1 - g = -z. What is the units digit of z?
5
Let i = 71 + -50. What is the units digit of i?
1
What is the tens digit of 63 - (1 - (2 + 3))?
6
Suppose -x - 217 = -3*z + 3*x, -2*z = 2*x - 154. What is the tens digit of z?
7
Let f(g) = 2*g - 10. Let p be f(7). Suppose 4*w = -p*c - 4, 0 = -5*w + 2*w + 5*c + 21. Let i = 11 - w. What is the units digit of i?
9
Suppose -423 = -6*n + 3*n. What is the units digit of n?
1
Let a(s) = s**2 + 7*s + 3. Suppose -2*o - 2*o - 3*k - 37 = 0, -5*k = -2*o + 1. What is the units digit of a(o)?
